 -b - 4*b. What is the tens digit of o?
4
Let f(y) be the third derivative of y**5/15 + y**4/8 + 5*y**3/6 + 2*y**2 - 181. What is the tens digit of f(19)?
0
Let b(w) = -w**2 - 16*w - 10. Let v(d) = 2*d + 12. Let s be v(-4). Suppose -s*k + 5 = 29. What is the tens digit of b(k)?
5
Suppose 0 = -12*y + 34062 + 195222. What is the tens digit of y?
0
Suppose 65250 + 73504 = -17*a. What is the tens digit of a/(-20) + (-95)/950?
0
Suppose -9*r = -2*r - 35. Suppose 3*z + 21 = -0*v + 4*v, -2*v + 17 = r*z. What is the units digit of ((-9)/v + 2)*116?
8
Let s = 627 - 611. Let p(d) = 122*d - 135. What is the units digit of p(s)?
7
Let l(d) = -4*d**2 - 14 - 306*d + 359*d + d**2. What is the tens digit of l(17)?
2
Let q(n) = -19*n + 137. Let s be q(6). Suppose 19*r = s*r - 1344. What is the hundreds digit of r?
3
Suppose -123*b - 44*b = 81*b - 4487560. What is the thousands digit of b?
8
Let w = -12768 + 18351. What is the thousands digit of w?
5
Suppose 5*s = -3*b - 0*b + 43, -s = -4*b - 4. Let a be 2/s + (-2)/8 + 0. Suppose a = -9*h + 151 + 308. What is the units digit of h?
1
Suppose 12*r + 546 = 51906. What is the hundreds digit of r?
2
Let f = -15 + 20. Suppose -a - 5*u = -f*a + 37, -2*a + 1 = u. Suppose 4*v = a*h - 1, 0 = -h + v - 0*v + 2. What is the units digit of h?
7
Let q = 2572 + 7760. What is the hundreds digit of q?
3
Suppose 6*c = 3*z + 3*c, -4*c - 2 = -2*z. What is the units digit of ((-112)/35)/((-372)/370 - z)?
2
Let q(t) = -t**3 - 5. Let g = 17 - 0. Suppose -2*x + g = -3*b, -4*x + 20 = x. What is the tens digit of q(b)?
2
Suppose -7*o + 0*o - 69960 = -12*o. What is the thousands digit of o?
3
Suppose 28 = -3*s - 11*s. Let d(l) = -4*l**2 + 6*l + 10. Let h be d(s). Let v = h - -174. What is the hundreds digit of v?
1
Let w = 61 - 57. Suppose w*b = 19*b - 2895. Suppose 3*i = -5*k + b, 0 = -4*i - 2*k + 403 - 155. What is the units digit of i?
1
Let y(f) = -18*f - 30. Let n be y(13). Let o = -219 - n. What is the tens digit of o?
4
Suppose 319*r = i + 320*r - 4, -i = -4*r + 6. Suppose -1 = 3*k + 5*m - 2, 5*k + m = 9. Suppose -i*h = k*h - 64. What is the units digit of h?
6
Let a(w) = -12*w + 5*w + 3*w**2 + 5*w**2 - 2*w**2 - 12. Let j be a(12). Suppose 2*t + 232 = j. What is the units digit of t?
8
Let o = 37 + -18. Suppose 725 = 10*u - 3*u - 2*u. Suppose 2*h - 5*m = 82, 4*h - u = -2*m + o. What is the units digit of h?
1
Let w(y) be the third derivative of -y**4/2 + 8*y**3/3 + 77*y**2. What is the tens digit of w(-4)?
6
Suppose f - 15*n - 17 = -10*n, 4*f - 193 = -5*n. What is the units digit of 237/((f/16)/7)?
2
Let y = 11 + -121. Let z = y - -117. Suppose -313 = -6*o - z. What is the units digit of o?
1
Suppose 21*b - 25*b + 10 = z, -5*z + 170 = -4*b. Suppose 6*v - 540 + z = 0. What is the tens digit of v?
8
Let m(i) = 11*i**2 - 41*i + 212. What is the thousands digit of m(23)?
5
Let l(s) = 741*s**2 - 14*s + 15. Let w be l(1). Suppose w + 1220 = 3*t. What is the tens digit of t?
5
Let d = -737 - -1358. Suppose 0 = -21*j + 20*j + d. What is the tens digit of j?
2
Let j = 3003 + -2866. What is the tens digit of j?
3
Suppose -o = 4*o - 15. Suppose -n + 5 = 2*z + 2*n, 3*n = -o. Let l = 99 + z. What is the hundreds digit of l?
1
Let d = 92 + -116. Let t be d/(-14)*63/(-6). What is the tens digit of 72/2 + (t/3)/(-3)?
3
Let g be (1/(-2))/((-74)/36 + 2). Suppose -474 = g*p - 1509. What is the tens digit of p?
1
Let z(c) = c**2 + 47*c - 88. Let d be z(-26). Let i = d - -1021. What is the tens digit of i?
8
Suppose 0 = -8*m + 3371 - 12539. Let d = -648 - m. What is the hundreds digit of d?
4
Let c be 106/(-2) + -6*8/(-48). Let d = 499 + c. What is the units digit of d?
7
Suppose 0 = -3*i - z + 2135, 0 = -4*i + 2*z - z + 2835. What is the hundreds digit of i?
7
Let d(l) = 6*l**3 - l**2 + 5*l - 1. Let i be d(5). Let j be 301/28 + -10 + 38/(-8). What is the units digit of j/18 - i/(-9)?
3
Suppose 111*s - 4176141 = 10*s + 1751751. What is the hundreds digit of s?
6
Let v(h) = 2530*h - 242. What is the tens digit of v(5)?
0
Suppose 2*p - t = 3668, -2*t + 263 = -2*p + 3929. What is the units digit of p?
5
Suppose 0 = -4*j + x + 326247, 4*x - 67584 - 14016 = -j. What is the ten thousands digit of j?
8
Suppose 3*v = -12, -4*v + 16 = 5*k - 33. Let w(o) = -6*o + 23. Let u(c) = 4*c - 39. Let a(l) = -2*u(l) - 3*w(l). What is the tens digit of a(k)?
3
Let w(l) = -l**2 - 3*l + 6. Let b be w(-4). Suppose b*p = 3*p - 296. Let y = p - 193. What is the units digit of y?
3
Let l = 589 - 330. Suppose -5*o + k = 659, 4*k = -0*k + 16. Let a = o + l. What is the units digit of a?
8
Let j = -9362 + 15679. What is the hundreds digit of j?
3
Let k(v) = -v**3 + 15*v**2 - 11*v - 3. Suppose -90 = 15*q - 24*q. What is the tens digit of k(q)?
8
Suppose 25*p - 49*p = 50*p - 480112. What is the hundreds digit of p?
4
Suppose j + 4*k + 3 = 0, 0 = j - 0*k + k - 3. Suppose j*u + 589 = 2069. What is the units digit of u?
6
Suppose u - 4*r - 383 = 26, u + 2*r - 385 = 0. What is the hundreds digit of u?
3
Let k be 1 + 0/(-1) + 3. Suppose 6*q = -4*q + k*q. Suppose -3*l + 12*l - 657 = q. What is the units digit of l?
3
Let u be ((-9802)/(-8))/(4/32). Suppose -u = -337*z + 324*z. What is the units digit of z?
4
What is the hundreds digit of (-2)/13 + 5985166/286?
9
Suppose -8*z + 30*z = 3036. Let b = z + -113. What is the units digit of b?
5
Let r = 40757 + -21061. What is the tens digit of r?
9
Suppose 3*j - 3*t - 12 = 6, 3*j - 22 = 4*t. Let r = 8 + -4. Suppose -r*v + 348 = j*v. What is the tens digit of v?
5
Suppose j + 61 = 68. Let z(y) = 285*y + 23. Let v be z(j). What is the tens digit of (-1)/(-5) + 3 + v/10?
0
Let g be (-9)/(-15) - (-135)/25. Suppose 2*d + 4 = g*d. What is the units digit of (4 - d) + 34/17?
5
Suppose -27043 = -z + 4*m, -4*z + 65*m - 64*m + 108187 = 0. What is the thousands digit of z?
7
Let h = -37 - 28. Suppose -4*o - 8 = -5*c, -4*o + o = 6. What is the tens digit of -2 + c + (-5 + 8 - h)?
6
Suppose -18*w = -221 + 23. Let u(m) = -2*m**3 + 21*m**2 + 26*m + 10. What is the hundreds digit of u(w)?
1
Suppose -192860 = -25*i + 515. What is the units digit of i?
5
Suppose -5*t + 2*t + 6 = 0. Suppose t*o + 4*r = 8, -4 + 2 = -2*o + 2*r. Suppose 0 = o*i + i - 351. What is the tens digit of i?
1
Let a = -367 + 349. What is the hundreds digit of ((-776)/a)/(13/117)?
3
Let x be (1 - 0) + -8 - (-780)/156. Let z(j) = 325*j**2 + 7*j + 21. What is the tens digit of z(x)?
0
Let p(j) = -3*j + 768. What is the tens digit of p(-66)?
6
Let y be 0/(-7 - -5 - -5). Let h = 327 + y. What is the units digit of h?
7
Let v be 4/(-20) + (-11)/(-5). Suppose 3*n + 159 = 5*s, 3*n + 53 = v*s - 16. Suppose s = 3*u - 3. What is the tens digit of u?
1
Suppose -v + a + 3081 = -742, -v = 3*a - 3839. Suppose 22*r - 4445 = v. What is the hundreds digit of r?
3
Let g = -1391 + -436. Let w = g + 2694. What is the units digit of w?
7
Suppose 4*o - 8 = -0*o. Suppose 0 = o*z + 20. Let x = 3 - z. What is the tens digit of x?
1
Let v(m) = m**3 - 2*m**2 - 4*m + 6. Let p be v(3). Suppose -p*i + 126 - 15 = 0. What is the tens digit of (14/(-3))/(i/(-18) + 2)?
8
Let q be -5 - 3 - (17 + -172). Suppose -q*p = -150*p + 561. What is the hundreds digit of p?
1
Let q(z) = -2*z**2 - 3*z. Let w be q(2). Let o be 4/w*1 - 60/(-14). Suppose -p = o*p - 420. What is the units digit of p?
4
What is the hundreds digit of 26 + -15 - (-351 - -3)?
3
Let p(g) = 17 - 3 - 1 - 5*g. Let k be (-5)/(25/(-15)) - 13. What is the tens digit of p(k)?
6
Let w = -2577 - -5280. What is the units digit of w?
3
Suppose -3*x = -3*h + 1332, -4*h = 2*x - 1212 - 564. Suppose 737 = 2*d - 5*n, -n + 80 = -d + h. What is the units digit of d?
1
Suppose 0 = -23*r + 12*r + 33. Let s(g) = 52*g**2 - 10*g + 19. What is the hundreds digit of s(r)?
4
Suppose 6*b = 3*b - 9. Let z be -2*(b - (4 - (9 + -3))). Suppose z = -d + n + 52, 4*d - 202 = 2*n. What is the tens digit of d?
5
Let d = 2945 + -927. What is the tens digit of d?
1
Let n = 71 - 18. Let k = n + -43. What is the hundreds digit of -381*((-2)/(-15))/((-2)/k)?
2
Suppose -2*s + 3*s = x - 5, 4*s + 19 = 3*x. Let f be 4 - (-9)/(18/s). Suppose 8*l = -f*l + 1090. What is the tens digit of l?
0
Let x(i) = i + 22. Let c be x(-11). Suppose 2*o = c*o + 36. What is the tens digit of ((-6)/(-5)*-33)/(o/10)?
9
Let